at is g(d)?
4
Let h(o) = -o**2 - 3*o + 4. Let f = 5 + -2. Let d = f + -6. Let k be (1 - 2/(-6))*d. Calculate h(k).
0
Let n(r) = -13*r**2 - 2*r + 8 + 20*r**2 - 8*r**2. Calculate n(-6).
-16
Let n = -9 + 16. Let k = n - 11. Let h(b) = b + 6 + b + b. What is h(k)?
-6
Let q(t) be the second derivative of -t**6/720 - t**5/24 + t**4/12 - 6*t. Let n(o) be the third derivative of q(o). Calculate n(-5).
0
Let s(u) be the third derivative of -1/3*u**3 + 0*u + 0 - 6*u**2 - 1/24*u**4. What is s(4)?
-6
Let g(z) = 0*z**2 + z**2 - 12 + z + 26. What is g(0)?
14
Let q be 2/((2/(-3))/1*1). Suppose i + 20 = -3*i. Let f(z) = -3*z + 2. Let a(x) = -7*x + 5. Let b(s) = i*f(s) + 2*a(s). Give b(q).
-3
Suppose 0*l - 3*g = -3*l + 36, 0 = -l - g + 6. Let o(s) = -8 - 3*s**2 + 0*s**3 + l + s**3. Determine o(1).
-1
Let w(b) = b + 5. Suppose -2*f + 10 = 24. Let a be w(f). Let h(r) = -1 - 2*r**2 - 2*r + 2 - 3 + r**2. What is h(a)?
-2
Let z(u) = -u**2 - 2*u - 2. Let t be z(-2). Let j = t - 2. Let d(y) = -2*y + 2 + 2 - 3 - y**3 - 4*y**2. Calculate d(j).
9
Let i(a) be the first derivative of a**2/2 + a - 19. Suppose -9 - 6 = -3*p. Suppose p*d = 2*d - 12. Determine i(d).
-3
Suppose 2*b = -p + 8, 4*p + 5 - 22 = -3*b. Let h(z) = -2*z + 4. What is h(b)?
-2
Let i = -2 + 5. Let q(p) be the first derivative of -p**2/2 + p + 1. Let m(t) = 4*t - 5. Let v(u) = m(u) + 3*q(u). Determine v(i).
1
Let v(a) = -3*a. Let y(m) = -m. Let c(k) = -2*v(k) + 7*y(k). What is c(7)?
-7
Let c(f) be the second derivative of 0 - 3/2*f**2 + 5/6*f**3 - 2*f. Determine c(2).
7
Let s(c) be the third derivative of -c**4/24 - 5*c**3/6 - 31*c**2. Give s(0).
-5
Let n(o) = -2*o + 8. Let j(w) = 2*w - 9. Let t(a) = -2*j(a) - 3*n(a). What is t(6)?
6
Let a = -38 - -36. Let h(k) = k - 2 + 6*k**2 + k - 3*k**2 + k**3. What is h(a)?
-2
Let t(s) = -s**2 + s. Let z(m) = 1. Let k(h) = -h**2 + 3*h - 3. Let d(p) = -k(p) - 6*z(p). Let r be d(4). Determine t(r).
0
Let v(w) = -6*w - 57*w**3 + 3 + 32*w**3 + 24*w**3 - 7*w**2. Determine v(-6).
3
Let f = 113 - 116. Let s(h) = h - 2. What is s(f)?
-5
Let w = -27 - -17. Let o be (-6)/(-10) + 26/w. Let j(y) = -y**3 - 3*y - 3. Determine j(o).
11
Let n(q) be the first derivative of 6*q + 1/2*q**2 - 1. Give n(0).
6
Let j be 4 - 0 - 4/(-2). Let p(l) be the third derivative of 0 - 1/2*l**3 + 1/24*l**4 + 0*l - l**2. Determine p(j).
3
Let l(h) = h**2 - h. Suppose -5*b - 5*i + 32 = -7*b, -i + 4 = 0. Let g = b - -6. Calculate l(g).
0
Let g(m) = 2*m**2 + 7*m + 13. Let n(y) = y**2 + 4*y + 6. Let s(d) = -3*g(d) + 5*n(d). Determine s(0).
-9
Let w(c) = -2*c - 37. Let y(o) = -o - 18. Let q(f) = -3*w(f) + 5*y(f). Calculate q(0).
21
Suppose -2*w - 3*w = -5. Let k = 6 - w. Let q = k + -9. Let i(f) = f + 8. Give i(q).
4
Suppose 2 = -2*w, 6*w = 5*f + 3*w + 22. Let x(d) = -4*d**2 - d. Let l be x(1). Let q = f - l. Let z(j) = j**3 - j**2 + j + 4. Calculate z(q).
4
Let a(n) = n - 2. Let f be a(5). Let q(b) = 1 - 4*b**3 + 0*b**f + 0*b**3 - 2*b**2. Calculate q(1).
-5
Let o(n) = 7*n - 1. Let r be (-33)/(-12) - (-2)/8. Let w = 1 + r. Let h = w + -3. Give o(h).
6
Let l(b) = -b. Let y(m) = 8*m - 5. Let k(p) = 6*l(p) + y(p). Suppose 0*i + 3 = 3*i. Let v be i*(5 + -1)*1. Give k(v).
3
Let z(n) = -n**2 - 9*n - 10. Let i(q) = q**2 + 8*q + 9. Let v(j) = -7*i(j) - 6*z(j). Determine v(-6).
-27
Suppose -5*n = -9*n + 24. Let g(m) = m - 11. Determine g(n).
-5
Let d(i) = -4*i + 7. Let x(k) = -5*k + 8. Let m(s) = -4*d(s) + 3*x(s). Determine m(6).
2
Let x(k) = -k + 7. Suppose 5*w + 28 = s, -5*s + 12 = -4*w - 44. Let o = 1 + s. Let b be x(o). Let f(p) = -p**2 - 2*p. What is f(b)?
0
Let r(i) = 3*i - 1. Let j be (-14)/(-2) - (-2)/(-1). Let k(t) = 4*t. Let o(x) = j*k(x) - 6*r(x). Let n = 51 - 57. Calculate o(n).
-6
Let j(b) = b**2 - 12*b + 5. Let a = 61 - 49. Calculate j(a).
5
Let i(h) = h**3 - h**2 - 3*h + 2. Let z = -15 + 17. Calculate i(z).
0
Let b(z) = -9 - 3*z**2 + z - 3*z + 4*z + 8. Let v be (-1)/(-2 + 2/2). Let m be v + -1 + -1 + 2. Determine b(m).
-2
Suppose -3*a - 2*a + 10 = -5*u, -3*u = a - 2. Let m(c) = -c**2 + 2 + 2*c - a*c + 6 + 5*c. Determine m(6).
2
Let r be (2/5)/((-2)/(-20)). Let v(n) be the first derivative of n**4/4 - 4*n**3/3 - n**2 + 5*n - 1. Calculate v(r).
-3
Suppose 6*v - 10 = -52. Let m(y) = y**2 + 3*y - 10. Calculate m(v).
18
Let s(w) = -w**2 - 8*w - 5. Let a be s(-7). Let k(r) = -a*r - 4 + 1 + 1 + r**2 - 2*r. Give k(4).
-2
Let u(p) be the second derivative of -p**3/6 - 3*p**2/2 + p. Give u(3).
-6
Let n = 1 + 1. Let i = n - 0. Suppose -5 - 5 = i*v. Let h(c) = -c**2 - 4*c - 1. Determine h(v).
-6
Let q(d) = -3*d**3 + d**2 + 2. Let x be ((-4)/(-6)*-2)/((-6)/9). Calculate q(x).
-18
Let d(f) = -f - 7. Let p(q) = q**3 - 6*q**2 + q. Let j be p(6). Let t = j - 2. Let u be (-28)/t - (-1 - 0). Determine d(u).
-1
Let s = 2 - 3. Let n = s - -1. Let u(b) = 30*b + 7. Let x(l) = 11*l + 2. Let f(q) = 4*u(q) - 11*x(q). Calculate f(n).
6
Let r(y) be the second derivative of -y**5/20 - 7*y**4/12 - y**3 - 7*y**2/2 + 3*y. Calculate r(-6).
-7
Let m be (-1 - 1) + 1 + 3. Let z(j) = -j**3 - m*j + 4*j**2 - 3*j**2 + 2*j**2. Let w(q) = -2*q - 5. Let i be w(-4). Give z(i).
-6
Suppose 3 = s + 2. Let y(p) = 13*p**2 - 2*p + 1. Give y(s).
12
Let n(u) = -5*u**3 + 4*u**2 + 10*u + 6. Let p(h) be the first derivative of h**4/4 - h**3/3 - h**2 - h - 5. Let k(s) = -2*n(s) - 11*p(s). What is k(2)?
7
Suppose 27 - 3 = 4*d. Let f = -1 + d. Let y(t) = 6*t + 0*t**2 - 3 - t**2 + 0*t**2. Determine y(f).
2
Let a(c) be the first derivative of c**2 + 5*c + 1. What is a(-4)?
-3
Let s(d) = -d**2 - d - 4. Let p be s(0). Let q be 2/p - 18/(-4). Let h(i) = 1. Let r(w) = -2*w. Let b(u) = -h(u) + r(u). Determine b(q).
-9
Let v = 9 - 8. Let w(h) = 0 + 0 - 4*h - 1. Calculate w(v).
-5
Let m = -124 - -118. Let f(c) = -c**2 - 8*c - 8. Calculate f(m).
4
Let b(l) = l**2 + 4*l. Let j(q) = -8*q - 2. Let m(h) = h. Let w(o) = -3*j(o) - 21*m(o). Let f be w(-3). What is b(f)?
-3
Let z(v) be the third derivative of -v**5/60 + 7*v**4/24 + v**3/3 - 10*v**2. Give z(6).
8
Let t(r) = -r + 1. Let x be t(-2). Suppose -x*b - 14 = 3*z + 4, 4*z = 3*b - 3. Let o(i) = i**3 + 5*i**2 + 3*i - 3. Determine o(b).
6
Let v be 1/(-2)*(5 - 3). Let h be 13/11 - (-2)/(-11). Let a(m) = -1 + h - 7*m - 1. What is a(v)?
6
Let f be (-4)/(-6)*(8 - 5). Suppose f*q + 1 = -7. Let n be (q + 0)/(1 + 1). Let r(i) = 3*i - 1. Calculate r(n).
-7
Let r(f) = -f**2 + 1. Let p(s) = -s - 3. Let c be p(-5). Suppose 1 = h - c*h. Give r(h).
0
Let w(d) = -d**2 - 2*d + 4. Let j be w(-5). Let n = -14 - j. Let g(y) = 3*y + 1. Give g(n).
-8
Let o(m) = -m**3 + 2*m**2 + 3*m - 1. Let n be o(3). Let q = -4 - n. Let t(a) = -a - 3. Calculate t(q).
0
Let n(s) = -s**3 + 5*s**2 - 5*s. Suppose 2*b + 18 = -4*v - 4, -b = 3*v + 14. Suppose 2*u - 10 = -0*u. Let w be ((-6)/u)/(v/10). Give n(w).
-4
Let u(i) = -4*i**3 + 6*i**2 - i - 10. Let h(d) = 3*d**3 - 6*d**2 + d + 9. Let j(v) = -3*h(v) - 2*u(v). What is j(5)?
13
Let w(i) = -i**2. Let c(s) = -s**3 + 4*s**2 - 2*s + 5. Suppose -4*l = l - 20. Let q be c(l). Determine w(q).
-9
Let o(d) = d**2 - d. Let m = -4 - -6. Suppose 0*z + m = -z. Let t be 2 - 3*z/(-6). Give o(t).
0
Let b = 49 + -43. Let d(t) = t**3 - 6*t**2 + 1. What is d(b)?
1
Let j(b) be the second derivative of -1/4*b**4 + 2*b + 1/20*b**5 - 3/2*b**2 + 0 + 2/3*b**3. Suppose -3 = -3*p + 4*p, -2*x - p = -1. What is j(x)?
1
Let f(t) = t**3 + 4*t**2 - t + 1. Let d be 1/((-1)/(-20)) - 2. Suppose 9 + 7 = -4*k. Let o be (-2)/k - d/4. Calculate f(o).
5
Let q be 2*(-2 + -1)*2/(-3). Let s(t) = -3*t**3 + 0*t**3 + 2*t**3 + 5*t**2 - 2*t - 4. What is s(q)?
4
Let q = -13 + 12. Let w(s) = s**2 + s + 1. Determine w(q).
1
Suppose 1 = b + 3*f - 4, -5*f - 10 = -2*b. Let q(n) = -2 - b*n - n**2 + 3 - 2. Determine q(-6).
-7
Let n(r) = r**2 + 3*r - 5. Let v be (-10)/(-1)*2/(-4). Give n(v).
5
Let i(c) = -4*c + 2. Let d be i(2). Let y(f) = 2*f + 3*f - 4*f + 1 - 4. Determine y(d).
-9
Let c(w) = 0*w**2 + 22*w - w**2 - 23*w - 1. Let h(u) = u - 6. Let z be h(4). Let x(i) = -i**2 - 6*i + 1. Let j(y) = z*c(y) + x(y). Determine j(4).
3
Let v(q) = q**2 + 4*q + 5. Let k(c) = c**2 - c - 1. Let t(f) = -6*k(f) - v(f). Determine t(-1).
-8
Let k = -15 - -10. Let v(l) = -l**2 - 6*l + 1. Calculate v(k).
6
Suppose -31*m = -5*m - 130. Let v(i) = -i + 3. Give v(m).
-2
Let n(b) = 